sands digit of 2191687?
1
What is the millions digit of 1801272?
1
What is the hundred thousands digit of 7325013?
3
What is the ten thousands digit of 403855?
0
What is the thousands digit of 26118885?
8
What is the ten millions digit of 10680986?
1
What is the millions digit of 4055015?
4
What is the hundred thousands digit of 4816493?
8
What is the hundred thousands digit of 627824?
6
What is the thousands digit of 243435?
3
What is the tens digit of 13234090?
9
What is the units digit of 5386193?
3
What is the ten thousands digit of 312119?
1
What is the ten thousands digit of 2394670?
9
What is the units digit of 1317764?
4
What is the ten thousands digit of 32278?
3
What is the hundreds digit of 315826?
8
What is the units digit of 217167?
7
What is the millions digit of 1893914?
1
What is the hundreds digit of 2854217?
2
What is the ten thousands digit of 1133825?
3
What is the millions digit of 14334369?
4
What is the ten thousands digit of 1721492?
2
What is the units digit of 3840792?
2
What is the hundred thousands digit of 12287279?
2
What is the thousands digit of 596765?
6
What is the ten thousands digit of 2411110?
1
What is the hundred thousands digit of 1857852?
8
What is the units digit of 553379?
9
What is the ten thousands digit of 379715?
7
What is the tens digit of 3229399?
9
What is the thousands digit of 143990?
3
What is the ten thousands digit of 12909980?
0
What is the hundred thousands digit of 8014018?
0
What is the units digit of 31582?
2
What is the units digit of 2361889?
9
What is the hundreds digit of 160983?
9
What is the units digit of 1041657?
7
What is the hundred thousands digit of 191928?
1
What is the tens digit of 14939262?
6
What is the hundreds digit of 1606068?
0
What is the hundreds digit of 46054?
0
What is the hundred thousands digit of 2528160?
5
What is the thousands digit of 3600093?
0
What is the tens digit of 513851?
5
What is the millions digit of 1167130?
1
What is the hundreds digit of 863438?
4
What is the ten thousands digit of 8810158?
1
What is the hundred thousands digit of 463068?
4
What is the millions digit of 1060461?
1
What is the ten thousands digit of 161548?
6
What is the hundred thousands digit of 395228?
3
What is the tens digit of 43387?
8
What is the millions digit of 2746309?
2
What is the ten thousands digit of 12746859?
4
What is the hundred thousands digit of 690778?
6
What is the thousands digit of 1319672?
9
What is the hundreds digit of 2162408?
4
What is the ten thousands digit of 1331625?
3
What is the millions digit of 21512809?
1
What is the ten thousands digit of 924848?
2
What is the hundreds digit of 3077028?
0
What is the hundreds digit of 17912?
9
What is the tens digit of 3240556?
5
What is the ten millions digit of 14777337?
1
What is the ten millions digit of 10742201?
1
What is the tens digit of 17175176?
7
What is the ten thousands digit of 572482?
7
What is the thousands digit of 195293?
5
What is the units digit of 342105?
5
What is the millions digit of 1181363?
1
What is the thousands digit of 300112?
0
What is the millions digit of 1423376?
1
What is the hundred thousands digit of 4316206?
3
What is the tens digit of 3808817?
1
What is the ten thousands digit of 29808?
2
What is the hundreds digit of 18707?
7
What is the tens digit of 1916788?
8
What is the ten thousands digit of 127920?
2
What is the ten thousands digit of 753840?
5
What is the thousands digit of 5485020?
5
What is the hundreds digit of 2954788?
7
What is the tens digit of 341536?
3
What is the ten thousands digit of 4742989?
4
What is the tens digit of 422023?
2
What is the hundreds digit of 92399?
3
What is the thousands digit of 1024687?
4
What is the hundreds digit of 1468556?
5
What is the thousands digit of 4197858?
7
What is the ten thousands digit of 21017?
2
What is the ten thousands digit of 199427?
9
What is the millions digit of 12573676?
2
What is the thousands digit of 397058?
7
What is the ten millions digit of 14974408?
1
What is the hundreds digit of 4834?
8
What is the ten thousands digit of 17907810?
0
What is the hundred thousands digit of 166756?
1
What is the hundreds digit of 8753?
7
What is the hundred thousands digit of 21635228?
6
What is the units digit of 126889?
9
What is the units digit of 307384?
4
What is the thousands digit of 281546?
1
What is the hundreds digit of 1300827?
8
What is the units digit of 1440407?
7
What is the tens digit of 130103?
0
What is the tens digit of 5832923?
2
What is the millions digit of 1584006?
1
What is the hundreds digit of 67560?
5
What is the hundred thousands digit of 147591?
1
What is the thousands digit of 79750?
9
What is the ten thousands digit of 4114903?
1
What is the thousands digit of 70269?
0
What is the thousands digit of 972878?
2
What is the ten thousands digit of 7501431?
0
What is the hundreds digit of 14334177?
1
What is the thousands digit of 296364?
6
What is the ten thousands digit of 4879104?
7
What is the hundred thousands digit of 23887150?
8
What is the tens digit of 412716?
1
What is the thousands digit of 6460130?
0
What is the thousands digit of 175034?
5
What is the hundred thousands digit of 22247325?
2
What is the units digit of 166231?
1
What is the tens digit of 966923?
2
What is the units digit of 108984?
4
What is the hundred thousands digit of 540944?
5
What is the thousands digit of 10307043?
7
What is the ten thousands digit of 414539?
1
What is the thousands digit of 1277909?
7
What is the hundred thousands digit of 23459592?
4
What is the ten thousands digit of 148972?
4
What is the units digit of 514672?
2
What is the hundred thousands digit of 5731731?
7
What is the millions digit of 32223983?
2
What is the ten millions digit of 18240452?
1
What is the hundreds digit of 3755697?
6
What is the units digit of 2313484?
4
What is the hundred thousands digit of 117119?
1
What is the tens digit of 8519947?
4
What is the tens digit of 77133?
3
What is the units digit of 555316?
6
What is the hundred thousands digit of 222964?
2
What is the units digit of 9109244?
4
What is the hundred thousands digit of 979736?
9
What is the thousands digit of 1117096?
7
What is the hundreds digit of 123553?
5
What is the thousands digit of 518813?
8
What is the units digit of 367092?
2
What is the hundreds digit of 859178?
1
What is the thousands digit of 23685103?
5
What is the tens digit of 424771?
7
What is the tens digit of 22708388?
8
What is the ten thousands digit of 5760054?
6
What is the ten thousands digit of 37251?
3
What is the hundreds digit of 8453043?
0
What is the thousands digit of 13178983?
8
What is the tens digit of 1002834?
3
What is the hundreds digit of 194934?
9
What is the hundreds digit of 3615285?
2
What is the hundred thousands digit of 152079?
1
What is the hundreds digit of 5831560?
5
What is the hundreds digit of 756649?
6
What is the hundreds digit of 762350?
3
What is the units digit of 161614?
4
What is the thousands digit of 5103703?
3
What is the hundreds digit of 62205?
2
What is the units digit of 144483?
3
What is the hundreds digit of 251025?
0
What is the tens digit of 1571224?
2
What is the units digit of 571983?
3
What is the units digit of 4030197?
7
What is the hundred thousands digit of 132990?
1
What is the hundred thousands digit of 299103?
2
What is the units digit of 16180280?
0
What is the units digit of 34070?
0
What is the units digit of 2860417?
7
What is the hundreds digit of 699279?
2
What is the hundreds digit of 3772655?
6
What is the units digit of 128020?
0
What is the tens digit of 38189595?
9
What is the tens digit of 4333221?
2
What is the units digit of 3714533?
3
What is the hundred thousands digit of 7530819?
5
What is the hundreds digit of 47270?
2
What is the units digit of 774957?
7
What is the ten thousands digit of 7930070?
3
What is the thousands digit of 852075?
2
What is the hundred thousands digit of 13450617?
4
What is the units digit of 7658785?
5
What is the units digit of 1855418?
8
What is the millions digit of 2766679?
2
What is the hundred thousands digit of 1901076?
9
What is the thousands digit of 1014821?
4
What is the hundred thousands digit of 423265?
4
What is the hundreds digit of 1737939?
9
What is the 